{"id":29,"date":"2016-01-03T17:22:39","date_gmt":"2016-01-03T17:22:39","guid":{"rendered":"https:\/\/www.falken-rlp.de\/?page_id=29"},"modified":"2016-01-31T04:10:10","modified_gmt":"2016-01-31T04:10:10","slug":"standpunkte","status":"publish","type":"page","link":"https:\/\/falken-rlp.de\/?page_id=29","title":{"rendered":"Standpunkte"},"content":{"rendered":"<h2>&#8230; wir nehmen unsere Interessen selbst in die Hand!<\/h2>\n<p class=\"bodytext\">Die Sozialistische Jugend Deutschlands &#8211; Die Falken ist ein freiwilliger Zusammenschluss von Kindern und Jugendlichen. Wir organisieren Gruppenarbeit im Stadtteil, Zeltlager und Ferienfreizeiten, Jugendh\u00e4user und Rockfeten, politische Seminare und Aktionen. Bei uns verbringen Kinder und Jugendliche ihre Freizeit und machen gemeinsam mit anderen Politik f\u00fcr sich selbst.<\/p>\n<p class=\"bodytext\">Politik hat etwas mit uns zu tun, mit unseren Interessen und Bed\u00fcrfnissen. Wir &#8222;Falken&#8220; wehren uns gegen Bevormundung, Intoleranz und gegen menschenverachtende Parolen und Politik. Wir treten ein f\u00fcr mehr Demokratie, soziale Gerechtigkeit, Chancengleichheit und eine grundlegende Ver\u00e4nderung der bestehenden Gesellschaft. Als Verband mit einer \u00fcber 90-j\u00e4hrigen Geschichte haben wir gelernt, da\u00df wir unsere Interessen selbst in die Hand nehmen m\u00fcssen. Wir wissen, da\u00df nur eine grundlegende Ver\u00e4nderung der bestehenden Gesellschaft zur Durchsetzung von Freiheit, Frieden, Gerechtigkeit und Selbstbestimmung f\u00fcr alle Menschen f\u00fchren kann. Und was wir denken, tr\u00e4umen, hoffen, versuchen wir schon heute (vor-) zu leben.<\/p>\n<p class=\"bodytext\">Und wir meinen, was wir modellieren, malen, filmen, fotografieren, singen und sagen. Unsere Theatergruppe verliert nicht den Boden unter den F\u00fc\u00dfen, weil sie einen Standpunkt hat. Argumente nehmen wir an, Vorurteile schmettern wir ab. Nur wer \u00fcber Zusammenh\u00e4nge Bescheid wei\u00df &#8211; in Politik, Alltag und Wirtschaft &#8211; kann sich richtig wehren.<\/p>\n<p class=\"bodytext\">Wir basteln nicht an geschliffenen Reden, sondern an mehr Demokratie. Oder formen Gipsfiguren f\u00fcr die Stra\u00dfenaktion gegen Armut und Rotstift. Hast Du eine Idee? Dann la\u00df sie fliegen. Bei uns ist jeder Gedanke so frei wie ein Falke.<\/p>\n<p class=\"bodytext\">&#8222;Bei uns hei\u00dft es, der erste Aufgu\u00df des Tees ist bitter wie das Leben, der zweite sanft wie der Tod und der dritte s\u00fc\u00df wie die Liebe&#8220;&#8220;, erl\u00e4utert Jamal von der Frente Polisario aus der Demokratischen Republik Westafrika die Zubereitung des Tees nach sahaurischer Tradition. Wir sitzen zusammen im Kreis auf der Wiese, 15 Vertreterinnen und Vertreter der Frente Polisario und 10 Mitglieder der Sozialistischen Jugend Deutschlands &#8211; Die Falken aus der Bundesrepublik.<\/p>\n<p class=\"bodytext\">F\u00fcr uns hat Internationale Solidarit\u00e4t viele Gesichter: mit anderen Menschen zusammenkommen, zusammenleben, sich verstehen lernen, Schwesterorganisationen in aller Welt bei ihren Aktivit\u00e4ten unterst\u00fctzen. Gemeinsam k\u00e4mpfen wir f\u00fcr eine bessere Welt in Gerechtigkeit, Frieden und Freiheit, ohne Ausbeutung von Menschen durch Menschen. Wir sammeln Geld f\u00fcr Soli-Projekte, kl\u00e4ren \u00fcber die Situation in anderen L\u00e4ndern auf und treffen uns mit unseren Freunden aus aller Welt bei internationalen Festivals und Camps.<\/p>\n<p class=\"bodytext\">Ol\u00e9!! Das Leben tritt ein, wenn wir die T\u00fcre \u00f6ffnen. Wir konferieren gerne in unserem Falken-Caf\u00e9. Unser runder Tisch pa\u00dft in jede Ecke. Wir kleistern Probleme nicht zu, sondern legen den Finger auf offene Wunden. Wir wehren uns, wenn Jugendzentren fehlen, Rechtsextreme ihre Parolen verbreiten, Ausbildungspl\u00e4tze gestrichen, die Umwelt zerst\u00f6rt und M\u00e4dchen benachteiligt werden.<\/p>\n<p class=\"bodytext\">Unser Prinzip hei\u00dft Solidarit\u00e4t. Und das gilt \u00fcberall: Im Fl\u00fcchtlingsheim, wo wir Menschen sch\u00fctzen. Oder auf der Stra\u00dfe, wo wir gegen Ausl\u00e4nderfeindlichkeit demonstrieren.<\/p>\n<p class=\"bodytext\">Falken haben Einrichtungen: Jugendzentren, Teestuben, Ferienheime, Studios f\u00fcr den B\u00fcrgerfunk. Immer ein Dach \u00fcber dem Kopf. Richte Dich bei uns ein, damit wir gemeinsam etwas ausrichten k\u00f6nnen.<\/p>\n<p class=\"bodytext\">Wir haben Standpunkte!<\/p>\n<p class=\"bodytext\">* Wir bek\u00e4mpfen zunehmende Ausl\u00e4nderInnenfeindlichkeit und Rechtsextremismus.<br \/>\n* Wir engagierung uns gegen Umweltzerst\u00f6rung und Vernichtung der Lebensgrundlagen.<br \/>\n* Wir treten f\u00fcr die v\u00f6llige Gleichberechtigung vom M\u00e4dchen und Frauen ein und f\u00fcr die ersatzlose Streichung des Paragraphen 218.<br \/>\n* Wir fordern mehr Demokratie und Mitbestimmung in allen gesellschaftlichen Bereichen.<br \/>\n* Wir setzen uns f\u00fcr demokratische Unterrichtsinhalte, die Abschaffung der Noten, kleinere Klassen und die Einf\u00fchrung der Gesamtschule als Regelschule ein.<br \/>\n* Wir unterst\u00fctzen die Gewerkschaften in ihrem Kampf gegen Massenarbeitslosigkeit, f\u00fcr Arbeitszeitverk\u00fcrzung bei vollem Lohnausgleich, f\u00fcr mehr Mitbestimmung in den Betrieben und f\u00fcr eine zukunftsweisende Berufsausbildung.<br \/>\n* Wir engagieren uns f\u00fcr ein selbstbestimmtes Leben. Wir wehren uns gegen die Kommerzialisierung unserer Freizeit, autorit\u00e4re Bevormundung und Unterdr\u00fcckung von Sexualit\u00e4t.<br \/>\n* Wir sind solidarisch mit den internationalen sozialistischen Befreiungsbewegungen und den sozialistischen Organisationen in anderen L\u00e4ndern.<\/p>\n<p class=\"bodytext\">Unser Abenteuer hat einen Namen: Ferien im Zelt. Wir brauchen keine Animateure, wir organisieren uns selbst. Wir schmei\u00dfen die Disco und das Caf\u00e9. Wir trinken unseren Cappuccino nur aus Tassen, weil wir Plastikbecher nicht haben wollen.<\/p>\n<p class=\"bodytext\">Wir sind aktiv: Workshops zu den Themen Drogen, Sexualit\u00e4t, Rechtsextremismus, Sozialabbau, \u00d6kologie.<\/p>\n<p class=\"bodytext\">Haare f\u00e4rben, schwimmen gehen, T-Shirts batiken, Kajak fahren, Musik machen und wozu Du sonst noch Lust hast.<\/p>\n<p class=\"bodytext\">Am Abend knistert das Lagerfeuer. Auf den Vollversammlungen knistert es vor Spannung. Wir schaffen uns einen Sommer lang unsere eigene Welt. Mach&#8216; Du Dir vom Falken-Zeltlager Dein eigenes Bild.<\/p>\n<p class=\"bodytext\">(aus: Wir Falken, Brosch\u00fcre des Bundesverbandes der SJD &#8211; Die Falken)<\/p>\n","protected":false},"excerpt":{"rendered":"<p>&#8230; wir nehmen unsere Interessen selbst in die Hand! Die Sozialistische Jugend Deutschlands &#8211; Die Falken ist ein freiwilliger Zusammenschluss&hellip;<\/p>\n","protected":false},"author":1,"featured_media":0,"parent":13,"menu_order":0,"comment_status":"closed","ping_status":"closed","template":"","meta":{"jetpack_post_was_ever_published":false,"footnotes":""},"class_list":["post-29","page","type-page","status-publish","hentry"],"jetpack_sharing_enabled":true,"jetpack_shortlink":"https:\/\/wp.me\/P73DfO-t","jetpack-related-posts":[],"_links":{"self":[{"href":"https:\/\/falken-rlp.de\/index.php?rest_route=\/wp\/v2\/pages\/29","targetHints":{"allow":["GET"]}}],"collection":[{"href":"https:\/\/falken-rlp.de\/index.php?rest_route=\/wp\/v2\/pages"}],"about":[{"href":"https:\/\/falken-rlp.de\/index.php?rest_route=\/wp\/v2\/types\/page"}],"author":[{"embeddable":true,"href":"https:\/\/falken-rlp.de\/index.php?rest_route=\/wp\/v2\/users\/1"}],"replies":[{"embeddable":true,"href":"https:\/\/falken-rlp.de\/index.php?rest_route=%2Fwp%2Fv2%2Fcomments&post=29"}],"version-history":[{"count":3,"href":"https:\/\/falken-rlp.de\/index.php?rest_route=\/wp\/v2\/pages\/29\/revisions"}],"predecessor-version":[{"id":155,"href":"https:\/\/falken-rlp.de\/index.php?rest_route=\/wp\/v2\/pages\/29\/revisions\/155"}],"up":[{"embeddable":true,"href":"https:\/\/falken-rlp.de\/index.php?rest_route=\/wp\/v2\/pages\/13"}],"wp:attachment":[{"href":"https:\/\/falken-rlp.de\/index.php?rest_route=%2Fwp%2Fv2%2Fmedia&parent=29"}],"curies":[{"name":"wp","href":"https:\/\/api.w.org\/{rel}","templated":true}]}}